 x. List the prime factors of k.
2, 31
Let z = 245 + -242. Suppose 0 = 4*h + 3*n - 20, -3*h - n = z*n - 8. What are the prime factors of h?
2
Suppose 2*s - 407 - 1539 = 2*i, -957 = -s + 5*i. Let y = 1821 - s. List the prime factors of y.
2, 211
List the prime factors of ((-2)/12)/((-184)/29168784).
3, 8807
Suppose 6*f + 723 = 795. Suppose 2617 + 4511 = f*l. What are the prime factors of l?
2, 3, 11
Suppose -7*i - 429 - 89 = 0. What are the prime factors of 8/(-2) - 140/8*i?
1291
Suppose 1588 = 4*y + 4*c, 0 = -5*y + c + 3*c + 1976. Let v = 53 + y. List the prime factors of v.
449
What are the prime factors of 14/(322/294653) - -14?
3, 5, 19
Suppose -187 + 172 = -3*b. Suppose -b*i = -5, -3*h + i + 1462 = 332. What are the prime factors of h?
13, 29
Let z = -3783 + 3776. Let m(r) = -r + 13 - 5*r**2 - r**3 + 2*r**2 - r**2. List the prime factors of m(z).
167
List the prime factors of 282/(-188) - 11469/(-2).
3, 7, 13
Let q(r) = r**3 - 4*r**2 + 16*r - 36. Let a be q(3). Suppose 9*z = -a*k + 4*z + 4339, z = 5*k - 7241. List the prime factors of k.
2, 181
Let j(l) = 21*l + 3. Let i be j(-6). Suppose 41*n - 42*n = -2*k + 68, -4*k = 2*n - 152. Let u = k - i. What are the prime factors of u?
3, 53
Suppose -2*o + o = -5. Let z = 41 + -3. Suppose o*u + z = 203. What are the prime factors of u?
3, 11
Let x(r) = 7762*r - 1082. List the prime factors of x(4).
2, 14983
Suppose -6 + 12 = j + 2*x, 0 = -3*j + x - 3. Suppose -3*r - 24*y + 28*y = -2755, -2*r - 5*y + 1806 = j. What are the prime factors of r?
11, 83
Let r be (1 + -343)/(-5*14/175). Let o = r + -448. List the prime factors of o.
11, 37
Suppose 19*j + 14*j = -103*j + 917048. List the prime factors of j.
11, 613
Suppose -5*o = d + 105, 4*d - 3*o = -7*o - 388. Let n(v) = v**2 - 33*v + 125. Let l be n(13). Let p = d - l. List the prime factors of p.
2, 5
Suppose 3*p + 25865 = 177473. List the prime factors of p.
2, 6317
Suppose -13*f + 178830 - 79838 = -205000. List the prime factors of f.
2, 37, 79
What are the prime factors of 10 + 3*(-154065)/(-45)?
3, 23, 149
Let i(s) = -249*s + 102. Suppose 4*n = 6*u - 7*u + 5, -2*u - 3*n - 5 = 0. List the prime factors of i(u).
3, 5, 41
Suppose 0 = 3*y - 2*q + 35, q = 7*y - 3*y + 40. Let x(b) = 6*b + 30. Let c be x(y). List the prime factors of 1/4 - (-5 - (-186)/c).
13
Suppose -2670 - 1838 = -2*u. Let v = -1558 + u. List the prime factors of v.
2, 3, 29
Let j = -22718 + 39030. What are the prime factors of j?
2, 2039
Let u = 463 + -459. Suppose -5*g - 2*r + 1073 = 195, u*r + 506 = 3*g. List the prime factors of g.
2, 3, 29
Let g(h) = -3*h**2 + 8*h - 7. Let q(y) = -y + 1. Let u(b) = -g(b) - 5*q(b). Let t be u(5). Suppose 92 = i - t. What are the prime factors of i?
2, 7, 11
Let l(r) = -569*r - 35. Let k be l(-1). Let w = 574 - k. List the prime factors of w.
2, 5
Suppose -11206 - 7077 - 20725 = -53*y. List the prime factors of y.
2, 23
Let w(r) = -23*r - 30. Suppose 0*l = -14*l - 98. What are the prime factors of w(l)?
131
Let w = -29 + 32. Let s be 4/3*(-1 + w + 1). Suppose -15 = 3*g, g + 629 = 4*z - s*g. What are the prime factors of z?
151
Let j(z) = -282*z**2 + z + 4. Let b be j(2). Let i be (-5 - -1)*b/(-136). Let q = -21 - i. What are the prime factors of q?
2, 3
Let l(i) = 7*i**2 - 50*i - 37. What are the prime factors of l(-25)?
2, 11, 127
Let j(f) = 7*f + 13. Let m = -2 + -1. Let z(l) = -6*l - 12. Let o(a) = m*z(a) - 2*j(a). List the prime factors of o(9).
2, 23
What are the prime factors of -7*(-2 + 1) + (110 - -8638)?
5, 17, 103
Suppose x + 3*b = 3*x + 5, -x + 3*b = 7. Suppose -6*k = -x*k - 12. Let d(r) = 36*r - 9. What are the prime factors of d(k)?
3, 11
Let r(i) = 3*i**3 - 3*i**2 - 2*i + 4. Let p be (15/6)/(5/4). Let l be r(p). Let s = 24 + l. What are the prime factors of s?
2, 3
Suppose -29*n + 78 = -16*n. Suppose -42 = n*j - 384. List the prime factors of j.
3, 19
What are the prime factors of 3042/1690*(4055 + (1 - 1))?
3, 811
Let c(q) = 1200*q + 535. What are the prime factors of c(4)?
5, 11, 97
Let a = -171 + 73. Let o = 144 + a. What are the prime factors of o?
2, 23
Let s be ((-2)/(-3))/((-517)/(-66) - 8). List the prime factors of (112/7)/s + 602.
2, 13, 23
Let q = -37 - -43. Suppose -1 = q*s - 1. Suppose 2*z + 8 = s, -524 = -4*u - 5*z + z. List the prime factors of u.
3, 5
Suppose 0 = -3*y + 12*y - 549. Suppose -34 + y = i. Suppose 3*u - 18 = i. What are the prime factors of u?
3, 5
Suppose -2*c + j = 32659 - 96381, 8*j = 5*c - 159338. What are the prime factors of c?
2, 17, 937
Let r = -2708 - -5843. List the prime factors of r.
3, 5, 11, 19
Let b(x) = x**3 - 17*x**2 + 14*x - 26. Let j = 79 + -74. Suppose 25 = j*g, g + 4*g - 59 = -2*y. What are the prime factors of b(y)?
2, 53
Let g = 48505 - 48208. What are the prime factors of g?
3, 11
Let o be 117/6*(2 + 100/(-6)). Let a = 164 + o. Let x = a - -285. What are the prime factors of x?
163
Let z(g) = -4*g**3 - 88*g**2 + 16*g + 10. What are the prime factors of z(-29)?
2, 3, 1283
Suppose 5*u - 82 = -3*m, -4*u - 4*m + 30 = -2*u. Let a(z) = -u*z**3 + 5*z + 16*z**3 + z**2 - 2 + z**2. List the prime factors of a(-5).
2, 37
Let g(u) = 23*u**2 + 3*u - 2. Suppose -4*i - 5*j + 0 = -17, 7 = 3*i - 2*j. Let l be g(i). Suppose 10*v - 8*v = l. List the prime factors of v.
107
Let p(w) = 9*w**2 - 5*w + 189 - 153 + 8*w + 6*w. Let h(n) = 5*n**2 + 5*n + 18. Let q(c) = -7*h(c) + 4*p(c). What are the prime factors of q(-12)?
2, 3, 5
Let b(t) = 18 - 2*t + 9*t**2 - 9 + 3 + 5*t + 9. What are the prime factors of b(-6)?
3, 109
Let f = 104 - -375. Let p = -136 + f. List the prime factors of p.
7
Let m = -25059 + 42624. What are the prime factors of m?
3, 5, 1171
Suppose 0 = -26*f - 0*f + 36296. Suppose -5*m + 1069 = -f. List the prime factors of m.
17, 29
Let z(o) = -3*o + 261*o**2 - 5*o + 11*o - 8*o. What are the prime factors of z(1)?
2
Suppose -22*m = -31999 - 6567. List the prime factors of m.
1753
Suppose -35557 = -z + 5*o, 31*z + 2*o = 26*z + 177893. List the prime factors of z.
3, 59, 67
Suppose 18360*z - 18367*z = -159089. List the prime factors of z.
22727
Let z(k) be the third derivative of -k**5/60 - 5*k**4/8 - 5*k**3/3 - 10*k**2 - 1. Suppose 3*u + 30 = -2*w - w, -6 = u + 5*w. What are the prime factors of z(u)?
2, 17
Suppose -3*i = -5*y - 146742, -396609 = -10*i + 2*y + 92443. List the prime factors of i.
2, 6113
Suppose -4*n = -24*n + 180. List the prime factors of ((-50)/(-6))/(n/2808*8).
5, 13
Let j = 36538 - 14817. What are the prime factors of j?
7, 29, 107
Let g(w) = -128*w - 176. Let s(b) = 256*b + 353. Let d(c) = -5*g(c) - 3*s(c). List the prime factors of d(-10).
3, 367
Suppose -m = 3*m + 12, 2*m + 45 = -3*g. Let x(r) = -4*r - 26. Let b be x(g). Suppose -27*o + 36 = -b*o. List the prime factors of o.
2, 3
Let i(a) = a**3 + a**2 + 3*a + 3. Let z be i(0). Suppose 2*m + 14 = -2*h, -6 = z*h + 9. List the prime factors of (36/(-8) - -4)/(m/408).
2, 3, 17
List the prime factors of (85257/30)/(10/60) - 18/45.
17, 59
Suppose 4*a = -2*k + 106, -5*k + k = 2*a - 224. Let h = k - 55. List the prime factors of 147/h - (-1)/2 - -3.
7, 11
Suppose 5*w = -7*l + 2*l + 8415, -6707 = -4*l + w. Suppose 2531 = 3*y - 2*r, 2*y - 6*r - l = -7*r. What are the prime factors of y?
29
Suppose -f + 53 = 13*k - 9*k, 2*k - 4 = 4*f. List the prime factors of (832 - (5 - k)) + -4.
5, 167
Let o be -9*11/(-297)*12. Suppose -4*j = -8*j. Suppose h = -o*r + 109, -h - 5 + 2 = j. List the prime factors of r.
2, 7
Let g = 57 + -178. Let a = g - -247. What are the prime factors of a?
2, 3, 7
Let r = -8438 - -14525. What are the prime factors of r?
3, 2029
Let l(j) = -174*j**2 - 7*j - 8. Let y be l(-4). What are the prime factors of (y/7)/((-24)/84)?
2, 691
Let b(o) = 64*o**2 - 68*o + 285. List the prime factors of b(32).
3, 5, 4243
Let j(g) = -108*g + 2950 - 1481 - 1465. Suppose -5*f + 3*r = 1, 2*r = -2*f + 3 - 13. List the prime factors of j(f).
2, 5, 11
Let z = -28 - -47. Suppose -3*a + 5*y + z = y, 3*a - 3*y = 18. Suppose 2*m - 225 = -3*m + a*p, -4*m - p = -200. What are the prime factors of m?
7
Suppose -i - 7*i = -64. Let b be (-63)/(-4)*(i/4 - -2). Suppose 2*q - b = -3*k, -4*q - 3*k = -q - 99. List the prime factors of q.
2, 3
Let m be 4 - (-4 + 4 - -1). Suppose m*h = 8*h + 255. Let k = h + 93. What are the prime factors of k